x)/((-2)/6). What is the highest common divisor of h and 20?
10
Let u be 15/20*(1 + 55). What is the greatest common divisor of u and 14?
14
Suppose 388 = 23*s + 43. Let d(k) = -20*k**3 - 3*k - 1. Let i be d(-2). Calculate the greatest common divisor of s and i.
15
Suppose -w + a + 10 = 4*w, -w + 3*a - 12 = 0. Suppose 6*r + 98 = -2*s + w*r, 3*s = r - 169. Let f = s + 77. Calculate the greatest common divisor of f and 33.
11
Let p = 106 + -93. Suppose o + 5 - 18 = 0. What is the highest common divisor of o and p?
13
Suppose -11 = -5*p - 2*v, 2*v = 5*p - 2*v - 23. Let o be 2*p/(-18)*-66. Calculate the greatest common divisor of 55 and o.
11
Let y = 14 + -10. Suppose -5*a = -4*n + 154 + 89, -y*a + 159 = 3*n. Suppose 17 = 3*z - 5*f - 21, 5*z = 2*f + n. Calculate the highest common factor of 55 and z.
11
Suppose 0 = -2*z + 6*z - 24. What is the highest common factor of 66 and z?
6
Let l = 8 + 3. Calculate the highest common divisor of 44 and l.
11
Suppose 32 = 4*y - 8. Let p = 167 + -163. What is the highest common factor of p and y?
2
Suppose -5*j + 29 = d - 4, 5*d - 195 = 5*j. What is the highest common divisor of d and 342?
38
Let p be 30/(-25)*(-1050)/2. Let j = 11 + -5. Suppose -j*g + g + p = 0. Calculate the highest common divisor of g and 14.
14
Let q = -118 + 210. Calculate the highest common factor of 23 and q.
23
Suppose 0*f = f - 3*m - 219, -5*f + 1139 = -4*m. What is the greatest common factor of f and 21?
21
Let y(c) = -41*c + 1. Let f be y(2). Let m = f + 126. What is the highest common divisor of m and 18?
9
Let o = 7 - 101. Let s = 159 + o. Suppose 3*x + 2*x - s = 0. What is the greatest common divisor of 91 and x?
13
Let z(k) = k**3 + 5*k**2 + 5*k + 6. Let p be z(-4). Let s be p/1*(-35)/(-10). What is the highest common factor of s and 63?
7
Suppose -2*x = -0*x + 12. Let k be 3 + -1 - (-6 - x). What is the highest common factor of 5 and k?
1
Suppose 2*o + 5 = 35. Let p = -4 + 19. Calculate the greatest common divisor of p and o.
15
Suppose -9*m - m + 210 = 0. What is the greatest common factor of 168 and m?
21
Let k = 8 - 5. Let a be 23/k - 2/3. Let m = 32 - -3. What is the greatest common factor of m and a?
7
Let c(o) = -o + 8. Let l be c(8). Suppose -n = -l*n - 23. What is the greatest common divisor of 46 and n?
23
Let u(p) = 6*p - 39. Let d be u(7). What is the highest common factor of 1 and d?
1
Suppose -4*x = -5*x - 2*n + 6, 4 = 2*n. What is the greatest common divisor of 2 and x?
2
Let k(r) be the second derivative of 5*r**3/3 - 5*r. Let g be k(3). What is the highest common divisor of 6 and g?
6
Let r(y) = -y**3 + 9*y**2 + 11*y. Suppose -j = -0*j - 10. Let d be r(j). Let s = 4 + 16. Calculate the greatest common factor of s and d.
10
Suppose -3*j = -2*r - 126, -6*r = -2*j - r + 95. What is the highest common divisor of 360 and j?
40
Suppose -2*y + 29 = 185. Let d = -54 - y. Suppose 60*k = 54*k + 72. What is the greatest common factor of k and d?
12
Suppose -3*d + 224 = h, 0*d - 5*h = -3*d + 230. Calculate the greatest common factor of d and 25.
25
Suppose 11 = 5*t + 4*z + 76, -32 = 3*t + z. Let l = t - -23. What is the highest common factor of 14 and l?
14
Let m = 87 + -62. Let t = 130 - m. What is the highest common factor of t and 15?
15
Let y be -2 - (2 + -1 + -1). Let m = 0 - y. What is the greatest common divisor of m and 14?
2
Let g be ((-396)/(-24))/((-3)/(-4)). Calculate the greatest common divisor of g and 2.
2
Suppose -74*x + 69*x = -440. What is the highest common divisor of x and 8?
8
Let j(g) = g**3 + 8*g**2 + 6*g + 2. Let p be j(-7). What is the highest common factor of 9 and p?
9
Suppose w + 1 = 2. Let r be w*8*(-2)/(-4). Let s be (130/r)/((-3)/(-6)). Calculate the highest common factor of 26 and s.
13
Let y(i) = -2*i**2 - 11*i + 6. Let z be y(-5). What is the greatest common divisor of 121 and z?
11
Suppose 0 + 8 = -4*f. Let o be (110/4)/(-5)*f. What is the highest common divisor of o and 77?
11
Let y(a) = -a - 12. Suppose 0*u + u = -14. Let o be y(u). What is the highest common factor of 2 and o?
2
Suppose 0 = -3*q + 5*q - 2*o - 730, 5*q - 1789 = -4*o. Let j = -251 + q. Let r = j + -59. What is the highest common divisor of 17 and r?
17
Suppose 3*m + 2 = 17. Let g = 62 + 37. Suppose -f = f + 3*n - g, 51 = f + 2*n. What is the highest common factor of m and f?
5
Let r(q) = -2*q**2 - 4*q + 7. Let v be r(-6). Let l = -26 - v. What is the greatest common factor of l and 105?
15
Let h = -1 + 5. Suppose -4*n + 0*n + 176 = 0. What is the highest common factor of h and n?
4
Let r be 3/(-1) + (-38)/(-1). Calculate the highest common divisor of 70 and r.
35
Suppose 4*d - a - 4 = 0, -d + 16 = d + 3*a. Suppose d*y - 28 = 176. Calculate the greatest common factor of y and 17.
17
Let u(h) = -154*h - 2. Let d be u(-1). What is the greatest common divisor of d and 19?
19
Let a = -5 + 9. Suppose -a*l - 3 = 9. Let p be (l/(-2))/((-12)/(-64)). What is the highest common divisor of p and 72?
8
Suppose -4*p - d = -25, -2*p - 15 = -7*p + 2*d. Suppose p*i + 7 = 2. Let q be 1 + (0 - -2 - i). Calculate the highest common divisor of 28 and q.
4
Let n be (-5 - -1) + (1 - 0). Let s be (3 - 0) + n/(-3). Suppose s*v = 8, -3*v - 64 = -6*u + u. Calculate the greatest common factor of 112 and u.
14
Suppose -42 = -h + 3*h. Let j = h - -85. What is the highest common factor of j and 8?
8
Let r(w) = -w**3 - 2*w**2 - 2. Let d be r(-3). Let v be (-14)/49 + 156/d. Calculate the greatest common divisor of v and 110.
22
Let f be -11 + 15 - -5*1. What is the greatest common divisor of f and 1?
1
Let b(n) = -n**2 + 8*n - 1. Let z be b(8). Let g = 14 + z. What is the highest common divisor of 26 and g?
13
Suppose 0 = 3*q + 7*v - 11*v - 83, 0 = 3*q - 5*v - 79. What is the greatest common factor of q and 44?
11
Suppose 5*m - 3*w - 12 = -0*w, 3*m = -3*w + 12. Suppose m*b - 2*b - 4 = 0. Calculate the greatest common factor of b and 20.
4
Let a be (-4)/6*9/(-2). Suppose 5*q - 22 = a*q. Let g be 81/3*q/3. What is the greatest common factor of g and 11?
11
Let i(c) = 4*c + 4. Let x be i(10). Suppose -2*a = -4*a + x. What is the highest common factor of a and 2?
2
Let n = -3 - -3. Let s be n + -2 - 1*-3. Calculate the highest common factor of s and 9.
1
Suppose -2*x + 58 + 62 = 0. Let k(m) = 10*m - 9 + 4*m + 0*m**2 - m**2. Let o be k(11). What is the greatest common factor of o and x?
12
Suppose 20*h = 17*h + 36. What is the greatest common divisor of 12 and h?
12
Let x(o) = -25*o - 2. Let i(u) = -12*u - 1. Let l(m) = -7*i(m) + 3*x(m). Let z be l(1). What is the highest common factor of z and 40?
10
Let i(f) = -3*f**3 + 2*f**2 - f. Let s be i(1). Let b(g) = -g**3 + g - 1. Let y be b(s). Calculate the highest common factor of 55 and y.
5
Suppose -2*i = -10*i + 64. Suppose -117 - 235 = -4*y. Calculate the highest common divisor of i and y.
8
Suppose v = 2*r - 7*r + 43, 2*v = -5*r + 61. Suppose 2*o - v = 3*m - 7*m, 5*o + 9 = -m. Let a be 3/(0 - 2/(-6)). What is the greatest common divisor of a and m?
3
Suppose -8*w - 97 + 481 = 0. Calculate the greatest common factor of 6 and w.
6
Suppose -13*o + 399 + 641 = 0. What is the highest common factor of o and 30?
10
Suppose 34 = 3*o - 0*o - 4*c, 46 = 5*o - 4*c. Let p be 21/o*3*6. Calculate the highest common factor of 9 and p.
9
Let t = -47 - -143. What is the greatest common factor of 12 and t?
12
Suppose 0 = 4*x - 6*x + 28. What is the greatest common factor of 70 and x?
14
Suppose 0 = -3*o + 7*o - 308. Calculate the greatest common factor of o and 11.
11
Let d = 28 - 14. Let h be (4 - 2)/((-2)/(-35)). What is the highest common factor of h and d?
7
Let u be (73/2)/(2/(-4)). Let t be u/(-2) - (-1)/(-2). What is the greatest common factor of t and 4?
4
Let u = -258 + -422. Let z be u/(-28) + 6/(-21). Suppose 4*o + n - 24 = -3, -4*o - 5*n + 9 = 0. What is the greatest common factor of z and o?
6
Let w(v) = -v**2 - 15*v - 27. Let c be w(-11). Let y(p) = p**3 - 8*p**2 - 2*p + 4. Let m be y(7). Let a = -42 - m. What is the highest common factor of a and c?
17
Let s be 12/8 - 2/(-4). What is the highest common factor of s and 10?
2
Let s = 30 + -5. Calculate the highest common divisor of s and 50.
25
Suppose -h - q - 121 = -6*h, 4*h + 3*q - 112 = 0. Calculate the greatest common divisor of h and 10.
5
Let q = -240 +